-263 = -r*k - 5*h - 63. What is the units digit of k?
2
What is the tens digit of -2*(-3)/(-18)*(5 + -818)?
7
Let h(s) = -2*s**3 - 3*s - 3. Let g be 7/(-7) + -1 + 5. Suppose -5*p = -3*u - 26, -3*u = -g*p + 2*p + 10. What is the tens digit of h(u)?
1
Let o(r) = -29 - 26 + 8*r**2 - 2*r + r**3 - 3*r + 48. What is the units digit of o(-5)?
3
Let d(j) be the second derivative of -j**3/6 + 15*j**2/2 + 6*j. Let h be d(10). Let k(p) = -p**3 + 7*p**2 - 6*p + 6. What is the units digit of k(h)?
6
Let x = 5521 - 3332. What is the hundreds digit of x?
1
Let x = -18 - -74. Suppose 0 = -2*m - 0*m. Suppose 4*h + o - x = -3*o, 4*h + 3*o - 61 = m. What is the units digit of h?
9
Let s(c) = 681*c + 56. What is the units digit of s(1)?
7
Let r = -16 + 1951. What is the thousands digit of r?
1
Suppose w + 9 + 14 = 0. Let k = w + 25. Let q = k - -3. What is the units digit of q?
5
Let p be (-28)/21*(-642)/4. Suppose -65 = -9*f + p. What is the units digit of f?
1
Let l = 64 + -45. Suppose 4 = -4*k, -5*k - l - 16 = 3*y. Let s = y + 39. What is the tens digit of s?
2
Suppose -135 - 705 = 5*s. What is the units digit of 4/(-6)*s/7?
6
Suppose -37561 = -39*q + 2804. What is the hundreds digit of q?
0
Let a(i) = 3*i**3 - 12*i**2 - 4*i + 268. What is the hundreds digit of a(13)?
7
Let u(y) = 4*y**2 - 58*y - 134. What is the thousands digit of u(38)?
3
Let q(n) = -2*n + 3. Let s be q(-4). Let h(b) = -s - 8*b + b**2 + 2 + 5 + 2*b. What is the tens digit of h(8)?
1
Suppose -5*n - 5 + 0 = 0. Let z(w) = 8*w + 1. Let r be z(n). What is the tens digit of (-936)/(-21) + (-3)/r?
4
What is the tens digit of 2*-2 + (20 - -1166)?
8
Let q be (-4)/(-16) + (-7)/(-4). Suppose 0 = q*r - 43 - 245. What is the hundreds digit of r?
1
What is the tens digit of -2 - (-249)/(-2)*(16 + -18)?
4
Let o = -15 + 15. Suppose 5*k + 4*n = 26, n = 4 - o. What is the tens digit of 238/10 - k/(-10)?
2
Suppose -78 - 24 = 6*h. Let w = h + 17. Suppose w*u - 13 = -u + 2*g, 5*u - 59 = 4*g. What is the tens digit of u?
1
Suppose 4*t - 8*a - 648 = -6*a, -4*a + 8 = 0. Suppose 5*p = 57 + t. What is the tens digit of p?
4
Suppose -2 = 23*h - 25*h. Suppose 4 = 3*a - 2. Let c = a + h. What is the units digit of c?
3
Let p(q) = -7*q**3 - 2*q**2 - 2*q - 1. Let l = -19 - -27. Let d = 7 - l. What is the units digit of p(d)?
6
Let y(l) = 63*l - 2. Let q be y(2). Let g = -11 + q. What is the units digit of g?
3
Let u(m) = -m**2 - 3*m - 4. Let q be u(-3). Let c(o) = -12*o + 9 + 2*o**2 + 18*o - 9*o. What is the tens digit of c(q)?
5
Suppose -818 = -2*i - 3*m, 0 = -4*m + 5*m - 4. Let a = i - 272. What is the hundreds digit of a?
1
Suppose -2*f - 3*a = -23, -a + 17 = 3*f - 0*a. Let j(u) = 2*u**2 + 7*u + 6. What is the units digit of j(f)?
6
What is the units digit of 2 + 430/6 + 216/162?
5
Suppose 4*t + 260 = 2*i, -803 + 179 = -5*i - 3*t. What is the tens digit of (i/(-15))/((-36)/600)?
4
Let w(b) = -b**2 + 9*b - 3. Suppose -2*a = -6*a. Let g = a - -6. What is the units digit of w(g)?
5
Let d(k) = k**3 + 2*k**2 - 2*k - 2. Let j be d(-3). Let n(h) = -h**2 - 6*h - 3. Let b be n(j). Suppose -b*f = -f - 26. What is the units digit of f?
6
Let k = -1 - 0. Let v be ((k - -1) + 1)*-29. Let w = 70 + v. What is the units digit of w?
1
What is the units digit of (-8)/5 + 323544/390?
8
Suppose 5*g - 12 = 2*x, 2*g - 3 = -x + 9. Suppose -2*s + l = -30, l - 49 = -g*s + 5. What is the units digit of s?
4
Let t(c) = 233*c**3 + c**2 + 13*c - 28. What is the thousands digit of t(2)?
1
Suppose 123 = 5*i - 62. Let p = 238 + i. What is the units digit of p?
5
Let j = -69 + 111. Suppose 0 = -3*a + 3*x - 30, 2*a + j = -3*a + 3*x. Let o = 7 + a. What is the units digit of o?
1
Let d be 6/12*-6 + (256 - 1). Suppose 7*n - 5*n = d. What is the units digit of n?
6
Suppose -4*n + 4 = -2*n. Suppose 2*z + 10 = 0, -b + 149 = n*b + 5*z. What is the units digit of b?
8
Let c = -33 + 15. What is the tens digit of c/15*(-500)/8?
7
Suppose 4*h = -16, -3*k + 0*k - 4*h - 10 = 0. What is the tens digit of 24 + -1*(0 + k)?
2
Suppose 2*c - 3 - 5 = 0. Suppose 2*h - c = h. What is the units digit of h?
4
Suppose -5*b - 193 = 117. Let t = -16 - b. Suppose 0*x - 2*l + t = 4*x, l = x - 16. What is the units digit of x?
3
Let r(o) = -o**2 + 14*o - 7. Let j be r(12). Suppose -383 = -5*l + j. What is the tens digit of l?
8
Suppose 8*z - 3644 - 4252 = 0. What is the hundreds digit of z?
9
Suppose 12*h = 10*h + 6. What is the units digit of 14/(-6) + h - 242/(-6)?
1
Suppose -3*a + 1 = 7, -46 = -b + 5*a. What is the units digit of b?
6
Let k(z) = -z**3 - 7*z**2 + 11*z + 6. Let a be (0 - -7)*(-100)/70. What is the units digit of k(a)?
6
Suppose 0 = -3*a + a - 5*u - 5, -a - 3*u - 5 = 0. What is the units digit of 82*(-12)/8*a/(-6)?
5
Suppose -4*o = 5*z - z - 6792, -4*z = -o - 6767. What is the tens digit of z?
9
Let u = -91 + 94. What is the tens digit of (u - ((-2)/(-4) - -3))*-44?
2
Let d(w) = -w**2 - w + 6. Let l be d(0). Suppose 2*b = b - l. What is the tens digit of (-6)/(-4)*(-76)/b?
1
Suppose -83 = 4*o + 3*u - 2*u, o + 32 = 2*u. Let p = o - 9. Let c = -16 - p. What is the tens digit of c?
1
Suppose 9*u - 14*u = -3*z + 112, 5*z + 3*u - 164 = 0. Let k = z + 44. What is the tens digit of k?
7
Let n(i) = i**3 + 12*i**2 + 13*i + 2. Suppose -p - 15 = -5. What is the units digit of n(p)?
2
Let c(a) = 34*a**2 - 7*a**2 - 3*a**2 - 2*a - 10*a**2 - a. Suppose -5*r + 7 = -k, -2*r - 6*k + 19 = -k. What is the tens digit of c(r)?
5
Let r = -3 + 7. Let t be 1/(-3) + (-44)/(-6) + 1. Suppose 2*i + 8 = r*c, -t*i + 3*c = -3*i - 8. What is the units digit of i?
4
Suppose 4*q - 191 = 5*u - 51, 135 = -5*u + 5*q. Let c = 32 + u. What is the units digit of 20/2 + (c - 4)?
6
Let j(g) = -3*g**2 - 13*g - 1. Let p be j(-4). What is the tens digit of -56*1*p/(-3)?
5
Let t(s) = -139*s + 124. What is the thousands digit of t(-16)?
2
Let j(u) = -3*u + 10. Let g be j(6). Let s = g - -12. Suppose -5*f = 8*r - 3*r - 95, -25 = -f - s*r. What is the units digit of f?
7
What is the hundreds digit of 90272/310 + 12/(-10)?
2
Let h(s) be the second derivative of 20*s**3/3 - s**2/2 - s. Let u = -19 - -20. What is the tens digit of h(u)?
3
Suppose 2*w - f - 12 = -5*f, 3*f = -w + 4. Let p = 11 - w. Let d(j) = 10*j - 2. What is the units digit of d(p)?
8
Let d be (-2)/(-1)*37 + 2. Let t = 1242 - 1168. Suppose -t = -2*q + d. What is the units digit of q?
5
Let r(y) = -49 + 16*y - 10*y - 19*y. What is the tens digit of r(-11)?
9
Let o(i) = 1. Let k(f) = -5*f**2 - 2*f - 1. Let w(g) = -k(g) - 3*o(g). What is the tens digit of w(-4)?
7
Let m(g) = -2*g**3 + g**2 - 1. Let p be m(-1). Let y(d) = d + 2 + 10*d + p*d - 5. What is the tens digit of y(3)?
3
Suppose -2*f + 1054 = -4*r, 4*f = 3*f - 2*r + 507. What is the tens digit of f?
1
Let s(p) = 3*p + 24. Suppose 0 = -3*z - 0*z - 18. What is the units digit of s(z)?
6
Let m = -540 + 2733. What is the units digit of m?
3
Let b = -34 - -50. Let d(f) = -f**2 + 10*f + 9. Let p be d(12). Let n = b - p. What is the units digit of n?
1
Let g(v) = 19*v**2 - 12*v + 17. What is the tens digit of g(5)?
3
Suppose -1491 = -5*j + 4*c, 0*j + 3*c - 873 = -3*j. Suppose -2*w - j = 2*x - 7*x, -3*x + 177 = 3*w. What is the tens digit of x?
5
Let u = 12 + -6. Let t(h) = -2*h**3 + 15*h**2 - 11*h + 15. What is the tens digit of t(u)?
5
Let z be 69/(-15) + (1 - 21/15). What is the tens digit of z/((-35)/793) + 4/(-14)?
1
Let u = 8 + -3. Let i = -27 - -32. What is the units digit of i*(u - -1) - 2?
8
Let m(c) = -528*c**3 - c**2 - 5*c - 4. What is the tens digit of m(-1)?
2
Let j(r) be the second derivative of 2*r**3 - 9*r**2/2 + 5*r. Let a(i) = -i + 1. Let t(h) = 6*a(h) + j(h). What is the units digit of t(2)?
9
Let q(u) = 3*u - 3. Suppose -5*k = 2*n - 30, 0*k + 3*k = 5*n + 18. Let o be q(k). What is the tens digit of 516/o + 2/(-5)?
3
Let a be ((-130)/(-3))/5*(1 - 13). Let p = 142 - a. What is the tens digit of p?
4
Let r = 9 + -7. Let h be (r + -4 - -11) + -2. Let d(c) = -c**2 + 9*c + 6. What is the tens digit of d(h)?
2
Let h = -71 + 57. Let o(a) be the first derivative of -a**4/4 - 13*a**3/3 + 13*a**2/2 + a + 1. What is the tens digit of o(h)?
1
Let m be 0/(4*1/2). Suppose m = -a - 7*a + 152. What is the tens digit of a?
1
Suppose -36*k = -39*k + 540. What is the hundreds digit of k?
1
What is 